{"id":346,"date":"2024-04-08T09:43:53","date_gmt":"2024-04-08T07:43:53","guid":{"rendered":"https:\/\/lnfaa.lt\/?page_id=346"},"modified":"2025-04-29T21:38:22","modified_gmt":"2025-04-29T19:38:22","slug":"lnfaa-istatai","status":"publish","type":"page","link":"https:\/\/lnfaa.lt\/index.php\/lnfaa-istatai\/","title":{"rendered":"LNFAA \u012estatai"},"content":{"rendered":"<style>\/*! elementor - v3.20.0 - 13-03-2024 *\/\n.elementor-heading-title{padding:0;margin:0;line-height:1}.elementor-widget-heading .elementor-heading-title[class*=elementor-size-]>a{color:inherit;font-size:inherit;line-height:inherit}.elementor-widget-heading .elementor-heading-title.elementor-size-small{font-size:15px}.elementor-widget-heading .elementor-heading-title.elementor-size-medium{font-size:19px}.elementor-widget-heading .elementor-heading-title.elementor-size-large{font-size:29px}.elementor-widget-heading .elementor-heading-title.elementor-size-xl{font-size:39px}.elementor-widget-heading .elementor-heading-title.elementor-size-xxl{font-size:59px}<\/style>\n<h2>LNFAA \u012estatai<\/h2>\n<p>            <!-- WPDM Link Template: Panel --><br \/>\n            <a href=\"https:\/\/lnfaa.lt\/index.php\/download\/istatai\/\"><br \/>\n            <\/a><\/p>\n<h3><a href='https:\/\/lnfaa.lt\/index.php\/download\/istatai\/'>\u012estatai<\/a><\/h3>\n<p>                 184.92 KB  0 Downloads<br \/>\n     10 baland\u017eio, 2024  <a class='wpdm-download-link download-on-click btn btn-primary ' rel='nofollow' href='#' data-downloadurl=\"https:\/\/lnfaa.lt\/index.php\/download\/istatai\/?wpdmdl=398&#038;refresh=6616672eb61b51712744238\">Download<\/a><br \/>\n<!-- WPDM Link Template: Panel --><br \/>\n            <a href=\"https:\/\/lnfaa.lt\/index.php\/download\/lnfaa-istatai\/\"><br \/>\n            <\/a><\/p>\n<h3><a href='https:\/\/lnfaa.lt\/index.php\/download\/lnfaa-istatai\/'>LNFAA \u012estatai<\/a><\/h3>\n<p>                 5.29 MB  0 Downloads<br \/>\n     15 kovo, 2024  <a class='wpdm-download-link download-on-click btn btn-primary ' rel='nofollow' href='#' data-downloadurl=\"https:\/\/lnfaa.lt\/index.php\/download\/lnfaa-istatai\/?wpdmdl=246&#038;refresh=6616672eb74651712744238\">Download<\/a><\/p>\n<h2>Tarybos pos\u0117d\u017ei\u0173 protokolai<\/h2>\n<style>\/*! elementor - v3.20.0 - 13-03-2024 *\/\n.elementor-column .elementor-spacer-inner{height:var(--spacer-size)}.e-con{--container-widget-width:100%}.e-con-inner>.elementor-widget-spacer,.e-con>.elementor-widget-spacer{width:var(--container-widget-width,var(--spacer-size));--align-self:var(--container-widget-align-self,initial);--flex-shrink:0}.e-con-inner>.elementor-widget-spacer>.elementor-widget-container,.e-con>.elementor-widget-spacer>.elementor-widget-container{height:100%;width:100%}.e-con-inner>.elementor-widget-spacer>.elementor-widget-container>.elementor-spacer,.e-con>.elementor-widget-spacer>.elementor-widget-container>.elementor-spacer{height:100%}.e-con-inner>.elementor-widget-spacer>.elementor-widget-container>.elementor-spacer>.elementor-spacer-inner,.e-con>.elementor-widget-spacer>.elementor-widget-container>.elementor-spacer>.elementor-spacer-inner{height:var(--container-widget-height,var(--spacer-size))}.e-con-inner>.elementor-widget-spacer.elementor-widget-empty,.e-con>.elementor-widget-spacer.elementor-widget-empty{position:relative;min-height:22px;min-width:22px}.e-con-inner>.elementor-widget-spacer.elementor-widget-empty .elementor-widget-empty-icon,.e-con>.elementor-widget-spacer.elementor-widget-empty .elementor-widget-empty-icon{position:absolute;top:0;bottom:0;left:0;right:0;margin:auto;padding:0;width:22px;height:22px}<\/style>\n","protected":false},"excerpt":{"rendered":"<p>LNFAA \u012estatai \u012estatai 184.92 KB 0 Downloads 10 baland\u017eio, 2024 Download LNFAA \u012estatai 5.29 MB 0 Downloads 15 kovo, 2024 Download Tarybos pos\u0117d\u017ei\u0173 protokolai<\/p>\n","protected":false},"author":1,"featured_media":0,"parent":0,"menu_order":0,"comment_status":"closed","ping_status":"closed","template":"","meta":{"footnotes":""},"_links":{"self":[{"href":"https:\/\/lnfaa.lt\/index.php\/wp-json\/wp\/v2\/pages\/346"}],"collection":[{"href":"https:\/\/lnfaa.lt\/index.php\/wp-json\/wp\/v2\/pages"}],"about":[{"href":"https:\/\/lnfaa.lt\/index.php\/wp-json\/wp\/v2\/types\/page"}],"author":[{"embeddable":true,"href":"https:\/\/lnfaa.lt\/index.php\/wp-json\/wp\/v2\/users\/1"}],"replies":[{"embeddable":true,"href":"https:\/\/lnfaa.lt\/index.php\/wp-json\/wp\/v2\/comments?post=346"}],"version-history":[{"count":13,"href":"https:\/\/lnfaa.lt\/index.php\/wp-json\/wp\/v2\/pages\/346\/revisions"}],"predecessor-version":[{"id":407,"href":"https:\/\/lnfaa.lt\/index.php\/wp-json\/wp\/v2\/pages\/346\/revisions\/407"}],"wp:attachment":[{"href":"https:\/\/lnfaa.lt\/index.php\/wp-json\/wp\/v2\/media?parent=346"}],"curies":[{"name":"wp","href":"https:\/\/api.w.org\/{rel}","templated":true}]}}