{"id":1316,"date":"2025-10-27T22:48:58","date_gmt":"2025-10-27T20:48:58","guid":{"rendered":"https:\/\/lnfaa.lt\/?page_id=1316"},"modified":"2026-02-05T11:06:39","modified_gmt":"2026-02-05T09:06:39","slug":"igyvendinti-projektai","status":"publish","type":"page","link":"https:\/\/lnfaa.lt\/index.php\/igyvendinti-projektai\/","title":{"rendered":"\u012egyvendinti projektai"},"content":{"rendered":"\t\t<div data-elementor-type=\"wp-page\" data-elementor-id=\"1316\" class=\"elementor elementor-1316\">\n\t\t\t\t<div class=\"elementor-element elementor-element-aea1944 e-flex e-con-boxed e-con e-parent\" data-id=\"aea1944\" data-element_type=\"container\" data-core-v316-plus=\"true\">\n\t\t\t\t\t<div class=\"e-con-inner\">\n\t\t\t\t<div class=\"elementor-element elementor-element-0e21e0e elementor-widget elementor-widget-heading\" data-id=\"0e21e0e\" data-element_type=\"widget\" data-widget_type=\"heading.default\">\n\t\t\t\t<div class=\"elementor-widget-container\">\n\t\t\t<style>\/*! elementor - v3.20.0 - 13-03-2024 *\/\n.elementor-heading-title{padding:0;margin:0;line-height:1}.elementor-widget-heading .elementor-heading-title[class*=elementor-size-]>a{color:inherit;font-size:inherit;line-height:inherit}.elementor-widget-heading .elementor-heading-title.elementor-size-small{font-size:15px}.elementor-widget-heading .elementor-heading-title.elementor-size-medium{font-size:19px}.elementor-widget-heading .elementor-heading-title.elementor-size-large{font-size:29px}.elementor-widget-heading .elementor-heading-title.elementor-size-xl{font-size:39px}.elementor-widget-heading .elementor-heading-title.elementor-size-xxl{font-size:59px}<\/style><h2 class=\"elementor-heading-title elementor-size-default\">\u012eGYVENDINTI PROJEKTAI<\/h2>\t\t<\/div>\n\t\t\t\t<\/div>\n\t\t\t\t<div class=\"elementor-element elementor-element-6c5d0f8 elementor-widget elementor-widget-elementskit-accordion\" data-id=\"6c5d0f8\" data-element_type=\"widget\" data-widget_type=\"elementskit-accordion.default\">\n\t\t\t\t<div class=\"elementor-widget-container\">\n\t\t\t<div class=\"ekit-wid-con\" >\n        <div class=\"elementskit-accordion accoedion-primary\" id=\"accordion-69e2002d0714c\">\n\n            \n                <div class=\"elementskit-card active\">\n                    <div class=\"elementskit-card-header\" id=\"primaryHeading-0-6c5d0f8\">\n                        <a href=\"#collapse-6aa78eb69e2002d0714c\" class=\"ekit-accordion--toggler elementskit-btn-link collapsed\" data-ekit-toggle=\"collapse\" data-target=\"#Collapse-6aa78eb69e2002d0714c\" aria-expanded=\"true\" aria-controls=\"Collapse-6aa78eb69e2002d0714c\">\n                            \n                            <span class=\"ekit-accordion-title\">2025: Baig\u0117si Sporto r\u0117mimo fondo, kur\u012f administruoja Nacionalin\u0117 sporto agent\u016bra finansuojamas projektas<\/span>\n\n                            \n                                <div class=\"ekit_accordion_icon_group\">\n                                    <div class=\"ekit_accordion_normal_icon\">\n                                        <!-- Normal Icon -->\n                                        <i aria-hidden=\"true\" class=\"icon-open icon-right icon icon-down-arrow1\"><\/i>                                    <\/div>\n\n                                    <div class=\"ekit_accordion_active_icon\">\n                                        <!-- Active Icon -->\n                                        <i aria-hidden=\"true\" class=\"icon-closed icon-right icon icon-up-arrow\"><\/i>                                    <\/div>\n\n                                <\/div>\n\n                            \n                                                    <\/a>\n                    <\/div>\n\n                    <div id=\"Collapse-6aa78eb69e2002d0714c\" class=\" show collapse\" aria-labelledby=\"primaryHeading-0-6c5d0f8\" data-parent=\"#accordion-69e2002d0714c\">\n\n                        <div class=\"elementskit-card-body ekit-accordion--content\">\n                            <p><img decoding=\"async\" class=\"alignnone wp-image-1371 size-full\" src=\"https:\/\/lnfaa.lt\/wp-content\/uploads\/2026\/02\/7.png\" alt=\"\" width=\"200\" height=\"100\" \/><\/p><p>Lietuvos ne\u012fgali\u0173j\u0173 fizinio aktyvumo asociacija (toliau \u2013 LNFAA) 2025 m. s\u0117kmingai prad\u0117jo ir \u012fgyvendino didel\u0117s apimties projekt\u0105 <b>\u201ePaversk negali\u0105 galia \u2013 sportuok!\u201c<\/b>, kurio tikslas \u2013 supa\u017eindinti asmenis su negalia su galimyb\u0117mis gyventi aktyviai bei skatinti sveik\u0105 gyvenimo b\u016bd\u0105.<\/p><p>Projektas prad\u0117tas \u012fgyvendinti 2025 m. liepos m\u0117nes\u012f ir tapo pirmuoju tokio dyd\u017eio ir apimties LNFAA projektu, ap\u0117musiu net penkis Lietuvos miestus. Projekto \u012fgyvendinimas sustiprino regionin\u012f fizinio aktyvumo prieinamum\u0105 asmenims su negalia ir prisid\u0117jo prie j\u0173 ilgalaikio \u012fsitraukimo \u012f reguliarias sportines veiklas.<\/p><p>LNFAA pirmininkas <b>Paulius Glaska<\/b> pabr\u0117\u017e\u0117 projekto reik\u0161m\u0119 asociacijai ir bendruomenei, akcentuodamas, kad tai \u2013 pirmas tokio masto projektas, leid\u0119s pasiekti ne ma\u017eiau kaip 120 asmen\u0173 su \u012fvairiomis negaliomis skirtinguose Lietuvos regionuose.<\/p><p><b>Pagrindin\u0117s projekto \u012fgyvendintos veiklos:<\/b><\/p><ul><li><b>reguliarios projekto veiklos vykdytos 12 m\u0117nesi\u0173<\/b> penkiuose Lietuvos miestuose: <b>Vilniuje, Kaune, \u0160iauliuose, Tel\u0161iuose ir Roki\u0161kyje<\/b>;<\/li><li>projekto metu <b>\u012fdarbinti 8 treneriai<\/b>;<\/li><li>vykdytos <b>9 reguliarios fizinio aktyvumo veiklos \u2013 treniruot\u0117s<\/b>;<\/li><li><b>pasiekta ne ma\u017eiau kaip 120 asmen\u0173 su negalia<\/b>;<\/li><li>surengtos <b>dvi fizinio aktyvumo stovyklos<\/b>, kuriose i\u0161 viso dalyvavo <b>60 asmen\u0173 su negalia<\/b>;<\/li><li>vykdytas <b>intensyvus projekto veikl\u0173 vie\u0161inimas<\/b>, paremtas treneri\u0173 ir asmen\u0173 su negalia patirtimis sportuojant.<\/li><\/ul><p>\u00a0<\/p><p><b>Bendra projekto vert\u0117 \u2013 141 506,54 Eur.<\/b><br \/>Projektas bendrai finansuotas <b>Sporto r\u0117mimo fondo l\u0117\u0161omis<\/b>, kurias administruoja <b>Nacionalin\u0117 sporto agent\u016bra prie Lietuvos Respublikos \u0161vietimo, mokslo ir sporto ministerijos<\/b>.<\/p>                        <\/div>\n\n                    <\/div>\n\n                <\/div><!-- .elementskit-card END -->\n\n                        <\/div>\n    <\/div>\t\t<\/div>\n\t\t\t\t<\/div>\n\t\t\t\t<div class=\"elementor-element elementor-element-13864b9 elementor-widget elementor-widget-elementskit-accordion\" data-id=\"13864b9\" data-element_type=\"widget\" data-widget_type=\"elementskit-accordion.default\">\n\t\t\t\t<div class=\"elementor-widget-container\">\n\t\t\t<div class=\"ekit-wid-con\" >\n        <div class=\"elementskit-accordion accoedion-primary\" id=\"accordion-69e2002d07bb4\">\n\n            \n                <div class=\"elementskit-card active\">\n                    <div class=\"elementskit-card-header\" id=\"primaryHeading-0-13864b9\">\n                        <a href=\"#collapse-6aa78eb69e2002d07bb4\" class=\"ekit-accordion--toggler elementskit-btn-link collapsed\" data-ekit-toggle=\"collapse\" data-target=\"#Collapse-6aa78eb69e2002d07bb4\" aria-expanded=\"true\" aria-controls=\"Collapse-6aa78eb69e2002d07bb4\">\n                            \n                            <span class=\"ekit-accordion-title\">2025: Baig\u0117si Asmens su negalia teisi\u0173 apsaugos agent\u016bros prie SADM finansuojamas projektas<\/span>\n\n                            \n                                <div class=\"ekit_accordion_icon_group\">\n                                    <div class=\"ekit_accordion_normal_icon\">\n                                        <!-- Normal Icon -->\n                                        <i aria-hidden=\"true\" class=\"icon-open icon-right icon icon-down-arrow1\"><\/i>                                    <\/div>\n\n                                    <div class=\"ekit_accordion_active_icon\">\n                                        <!-- Active Icon -->\n                                        <i aria-hidden=\"true\" class=\"icon-closed icon-right icon icon-up-arrow\"><\/i>                                    <\/div>\n\n                                <\/div>\n\n                            \n                                                    <\/a>\n                    <\/div>\n\n                    <div id=\"Collapse-6aa78eb69e2002d07bb4\" class=\" show collapse\" aria-labelledby=\"primaryHeading-0-13864b9\" data-parent=\"#accordion-69e2002d07bb4\">\n\n                        <div class=\"elementskit-card-body ekit-accordion--content\">\n                            <p><img fetchpriority=\"high\" decoding=\"async\" class=\"alignnone size-medium wp-image-836\" src=\"https:\/\/lnfaa.lt\/wp-content\/uploads\/2025\/03\/Neigaliuju-reikalu-departamentas-pakeisti-logo-1-300x200.jpg\" alt=\"\" width=\"300\" height=\"200\" srcset=\"https:\/\/lnfaa.lt\/wp-content\/uploads\/2025\/03\/Neigaliuju-reikalu-departamentas-pakeisti-logo-1-300x200.jpg 300w, https:\/\/lnfaa.lt\/wp-content\/uploads\/2025\/03\/Neigaliuju-reikalu-departamentas-pakeisti-logo-1-391x260.jpg 391w, https:\/\/lnfaa.lt\/wp-content\/uploads\/2025\/03\/Neigaliuju-reikalu-departamentas-pakeisti-logo-1.jpg 720w\" sizes=\"(max-width: 300px) 100vw, 300px\" \/><\/p><p>Lietuvos ne\u012fgali\u0173j\u0173 fizinio aktyvumo asociacija (toliau \u2013 LNFAA) 2025 m. s\u0117kmingai \u012fvykd\u0117 projekt\u0105 \u201eAsmenys su negalia be socialin\u0117s atskirties\u201c, skirt\u0105 ma\u017einti asmen\u0173 su negalia socialin\u0119 atskirt\u012f ir didinti j\u0173 \u012fsitraukim\u0105 \u012f visuomenin\u012f gyvenim\u0105.<\/p><p>2025 m. vasario m\u0117nes\u012f LNFAA teiktam projektui buvo pritarta asmen\u0173 su negalia teisi\u0173 ir interes\u0173 atstovaujan\u010di\u0173 asociacij\u0173 veiklos r\u0117mimo konkurse, kur\u012f organizavo Asmens su negalia teisi\u0173 apsaugos agent\u016bra prie Socialin\u0117s apsaugos ir darbo ministerijos. Projekto apimtis ir finansavimas buvo beveik tris kartus didesni nei ankstesniais metais, o bendra projekto vert\u0117 siek\u0117 <b>45 448 Eur<\/b>.<\/p><p>Projekto tikslas \u2013 ma\u017einti LNFAA vienijam\u0173 asmen\u0173 su negalia socialin\u0119 atskirt\u012f visais aspektais, stiprinti aktyvi\u0105 bendruomen\u0119 bei spr\u0119sti projekto tikslinei grupei kasdien\u0117je veikloje kylan\u010dius i\u0161\u0161\u016bkius.<\/p><p><b>\u012egyvendinant projekt\u0105 buvo vykdomos \u0161ios veiklos:<\/b><\/p><ul><li>surengti <b>vieneri nevyriausybini\u0173 organizacij\u0173 valdymo mokymai<\/b>;<\/li><li>organizuotos <b>dvi savaranki\u0161ko gyvenimo ugdymo stovyklos<\/b>;<\/li><li>organizuotos <b>dvi aktyvaus poilsio stovyklos<\/b>;<\/li><li>sukurti <b>audiovizualiniai produktai \u2013 vaizdo filmukai<\/b>, skirti visuomen\u0117s \u0161vietimui \u012ftraukiojo ugdymo tema;<\/li><li>bendradarbiaujant su <b>Kauno kolegija<\/b>, atliktas <b>visoje Lietuvoje gyvenan\u010di\u0173 asmen\u0173 su negalia problematikos tyrimas<\/b>;<\/li><li><b>atstovauti asmen\u0173 su negalia interesai savivaldybi\u0173 institucijose<\/b>, inicijuojant suinteresuot\u0173 asmen\u0173 dalyvavim\u0105 projekto veiklose ir skatinant visuomen\u0117s pa\u017einim\u0105 su \u201ekitokiu\u201c gyvenimu.<\/li><\/ul><p>\u00a0<\/p><p>Projekto veiklose dalyvavo <b>ne ma\u017eiau kaip 170 asmen\u0173<\/b>, i\u0161 kuri\u0173 <b>bent 140 sudar\u0117 asmenys su negalia<\/b>. Projektas reik\u0161mingai prisid\u0117jo prie socialin\u0117s \u012ftraukties didinimo, bendruomen\u0117s stiprinimo ir asmen\u0173 su negalia \u012fgalinimo.<\/p>                        <\/div>\n\n                    <\/div>\n\n                <\/div><!-- .elementskit-card END -->\n\n                        <\/div>\n    <\/div>\t\t<\/div>\n\t\t\t\t<\/div>\n\t\t\t\t<div class=\"elementor-element elementor-element-66ef5db elementor-widget elementor-widget-elementskit-accordion\" data-id=\"66ef5db\" data-element_type=\"widget\" data-widget_type=\"elementskit-accordion.default\">\n\t\t\t\t<div class=\"elementor-widget-container\">\n\t\t\t<div class=\"ekit-wid-con\" >\n        <div class=\"elementskit-accordion accoedion-primary\" id=\"accordion-69e2002d08731\">\n\n            \n                <div class=\"elementskit-card active\">\n                    <div class=\"elementskit-card-header\" id=\"primaryHeading-0-66ef5db\">\n                        <a href=\"#collapse-6aa78eb69e2002d08731\" class=\"ekit-accordion--toggler elementskit-btn-link collapsed\" data-ekit-toggle=\"collapse\" data-target=\"#Collapse-6aa78eb69e2002d08731\" aria-expanded=\"true\" aria-controls=\"Collapse-6aa78eb69e2002d08731\">\n                            \n                            <span class=\"ekit-accordion-title\">2025: Baig\u0117si Lietuvos Respublikos socialin\u0117s apsaugos ir darbo ministerijos finansuojamas projektas<\/span>\n\n                            \n                                <div class=\"ekit_accordion_icon_group\">\n                                    <div class=\"ekit_accordion_normal_icon\">\n                                        <!-- Normal Icon -->\n                                        <i aria-hidden=\"true\" class=\"icon-open icon-right icon icon-down-arrow1\"><\/i>                                    <\/div>\n\n                                    <div class=\"ekit_accordion_active_icon\">\n                                        <!-- Active Icon -->\n                                        <i aria-hidden=\"true\" class=\"icon-closed icon-right icon icon-up-arrow\"><\/i>                                    <\/div>\n\n                                <\/div>\n\n                            \n                                                    <\/a>\n                    <\/div>\n\n                    <div id=\"Collapse-6aa78eb69e2002d08731\" class=\" show collapse\" aria-labelledby=\"primaryHeading-0-66ef5db\" data-parent=\"#accordion-69e2002d08731\">\n\n                        <div class=\"elementskit-card-body ekit-accordion--content\">\n                            <p><img decoding=\"async\" class=\"alignnone wp-image-1370 size-medium\" src=\"https:\/\/lnfaa.lt\/wp-content\/uploads\/2026\/02\/SADM-logo_herbas-768x282-1-300x110.png\" alt=\"\" width=\"300\" height=\"110\" srcset=\"https:\/\/lnfaa.lt\/wp-content\/uploads\/2026\/02\/SADM-logo_herbas-768x282-1-300x110.png 300w, https:\/\/lnfaa.lt\/wp-content\/uploads\/2026\/02\/SADM-logo_herbas-768x282-1.png 768w\" sizes=\"(max-width: 300px) 100vw, 300px\" \/><\/p><p>2025 m. Lietuvos ne\u012fgali\u0173j\u0173 fizinio aktyvumo asociacija (toliau \u2013 LNFAA) s\u0117kmingai \u012fvykd\u0117 <b>NVO institucinio stiprinimo projekt\u0105<\/b>, kurio tikslas \u2013 optimizuoti asociacijos darbo procesus, veikl\u0173 efektyvum\u0105 bei didinti teigiam\u0105 LNFAA ind\u0117l\u012f \u012f asmen\u0173 su negalia integracij\u0105 \u012f visuomen\u0119.<\/p><p>2025 m. baland\u017eio m\u0117nes\u012f LNFAA teiktam NVO institucinio stiprinimo projektui buvo pritarta, taip sudarant s\u0105lygas kryptingai stiprinti organizacijos vidinius paj\u0117gumus, kompetencijas ir ilgalaik\u012f veiklos tvarum\u0105.<\/p><p><b>\u012egyvendinant projekt\u0105 buvo vykdomos \u0161ios veiklos:<\/b><\/p><ul><li>organizuoti <b>buhalterin\u0117s apskaitos mokymai<\/b>;<\/li><li>organizuoti <b>mokymai, skirti savanori\u0173 pritraukimui ir i\u0161laikymui<\/b>;<\/li><li>organizuoti <b>projekt\u0173 rengimo ir \u012fgyvendinimo mokymai<\/b>;<\/li><li><b>sukurta ir \u012fdiegta LNFAA veiklos strategija<\/b>;<\/li><li><b>parengtas komunikacijos planas<\/b>;<\/li><li><b>atnaujinta internetin\u0117 svetain\u0117<\/b>;<\/li><li><b>vystytas bendradarbiavimas su Lietuvos ir u\u017esienio organizacijomis<\/b>.<\/li><\/ul><p>Projekto \u012fgyvendinimas sustiprino LNFAA organizacinius geb\u0117jimus, prisid\u0117jo prie efektyvesnio veikl\u0173 planavimo ir \u012fgyvendinimo bei sudar\u0117 tvirtesn\u012f pagrind\u0105 ilgalaikiam poveikiui asmen\u0173 su negalia integracijos srityje.<\/p><p><b>Bendra projekto vert\u0117 \u2013 22 862 Eur.<\/b><\/p>                        <\/div>\n\n                    <\/div>\n\n                <\/div><!-- .elementskit-card END -->\n\n                        <\/div>\n    <\/div>\t\t<\/div>\n\t\t\t\t<\/div>\n\t\t\t\t<div class=\"elementor-element elementor-element-722d04a elementor-widget elementor-widget-elementskit-accordion\" data-id=\"722d04a\" data-element_type=\"widget\" data-widget_type=\"elementskit-accordion.default\">\n\t\t\t\t<div class=\"elementor-widget-container\">\n\t\t\t<div class=\"ekit-wid-con\" >\n        <div class=\"elementskit-accordion accoedion-primary\" id=\"accordion-69e2002d091f3\">\n\n            \n                <div class=\"elementskit-card active\">\n                    <div class=\"elementskit-card-header\" id=\"primaryHeading-0-722d04a\">\n                        <a href=\"#collapse-6aa78eb69e2002d091f3\" class=\"ekit-accordion--toggler elementskit-btn-link collapsed\" data-ekit-toggle=\"collapse\" data-target=\"#Collapse-6aa78eb69e2002d091f3\" aria-expanded=\"true\" aria-controls=\"Collapse-6aa78eb69e2002d091f3\">\n                            \n                            <span class=\"ekit-accordion-title\">2024: Baig\u0117si Asmens su negalia teisi\u0173 apsaugos agent\u016bros prie SADM finansuojamas projektas<\/span>\n\n                            \n                                <div class=\"ekit_accordion_icon_group\">\n                                    <div class=\"ekit_accordion_normal_icon\">\n                                        <!-- Normal Icon -->\n                                        <i aria-hidden=\"true\" class=\"icon-open icon-right icon icon-down-arrow1\"><\/i>                                    <\/div>\n\n                                    <div class=\"ekit_accordion_active_icon\">\n                                        <!-- Active Icon -->\n                                        <i aria-hidden=\"true\" class=\"icon-closed icon-right icon icon-up-arrow\"><\/i>                                    <\/div>\n\n                                <\/div>\n\n                            \n                                                    <\/a>\n                    <\/div>\n\n                    <div id=\"Collapse-6aa78eb69e2002d091f3\" class=\" show collapse\" aria-labelledby=\"primaryHeading-0-722d04a\" data-parent=\"#accordion-69e2002d091f3\">\n\n                        <div class=\"elementskit-card-body ekit-accordion--content\">\n                            <p><img fetchpriority=\"high\" decoding=\"async\" class=\"alignnone size-medium wp-image-836\" src=\"https:\/\/lnfaa.lt\/wp-content\/uploads\/2025\/03\/Neigaliuju-reikalu-departamentas-pakeisti-logo-1-300x200.jpg\" alt=\"\" width=\"300\" height=\"200\" srcset=\"https:\/\/lnfaa.lt\/wp-content\/uploads\/2025\/03\/Neigaliuju-reikalu-departamentas-pakeisti-logo-1-300x200.jpg 300w, https:\/\/lnfaa.lt\/wp-content\/uploads\/2025\/03\/Neigaliuju-reikalu-departamentas-pakeisti-logo-1-391x260.jpg 391w, https:\/\/lnfaa.lt\/wp-content\/uploads\/2025\/03\/Neigaliuju-reikalu-departamentas-pakeisti-logo-1.jpg 720w\" sizes=\"(max-width: 300px) 100vw, 300px\" \/><\/p><p>Lietuvos ne\u012fgali\u0173j\u0173 fizinio aktyvumo asociacija (toliau \u2013 LNFAA) 2024 m. s\u0117kmingai \u012fvykd\u0117<br \/>asmen\u0173 su negalia teis\u0117ms ir interesams atstovaujan\u010di\u0173 asociacij\u0173 veiklos r\u0117mimo konkurso<br \/>projekt\u0105, kur\u012f organizavo Asmens su negalia teisi\u0173 apsaugos agent\u016bra prie Socialin\u0117s apsaugos ir<br \/>darbo ministerijos. Projekto \u201eAsmen\u0173 su negalia visapusi\u0161ko socialinio gyvenimo gerinimas<br \/>Lietuvoje\u201c buvo pasiektas projekto tikslas \u2013 Gerinti asmen\u0173 su negalia socialin\u0119 integracij\u0105 \u012f<br \/>visuomen\u0119 visais aspektais, didinti aktyvi\u0105 asmen\u0173 su negalia bendruomen\u0119 bei spr\u0119sti projekto<br \/>tikslinei grupei kasdien\u0117je veikloje kylan\u010dius i\u0161\u0161\u016bkius.<\/p><p><strong>Projekto metu buvo vykdomos \u0161ios veiklos:<\/strong><\/p><ul><li>Dviej\u0173 dali\u0173 seminaras \u201eSmurtas prie\u0161 asmenis su negalia: kaip su tuo susidoroti?\u201c;<\/li><li>Vienas nevyriausybini\u0173 organizacij\u0173 valdymo seminaras;<\/li><li>Dvi savaranki\u0161ko gyvenimo ugdymo stovyklos;<\/li><li>Trys aktyvaus poilsio stovyklos;<\/li><li>Dvi kult\u016brin\u0117s\/pa\u017eintin\u0117s kelion\u0117s;<\/li><li>Buvo atstovaujami asmenys su negalia savivaldybi\u0173 institucijose, inicijuojant j\u0173<br \/>suinteresuot\u0173 asmen\u0173 dalyvavim\u0105 projekto veiklose, taip susipa\u017e\u012fstant su \u201ekitokiu\u201c<br \/>gyvenimu.<\/li><\/ul><p><br \/>Projekto veiklose dalyvavo 310 \u017emoni\u0173, i\u0161 kuri\u0173 asmen\u0173 su negalia buvo 247, i\u0161 j\u0173 vaik\u0173 su negalia<br \/>\u2013 76. \u0160ie pasiekti rodikliai \u017eenkliai vir\u0161ijo planuotus: 220 asmmen\u0173, i\u0161 j\u0173 su negalia 200, i\u0161 j\u0173 vaik\u0173<br \/>su negalia \u2013 30.<br \/>Projekto biud\u017eetas \u2013 48 729 Eur<\/p>                        <\/div>\n\n                    <\/div>\n\n                <\/div><!-- .elementskit-card END -->\n\n                        <\/div>\n    <\/div>\t\t<\/div>\n\t\t\t\t<\/div>\n\t\t\t\t\t<\/div>\n\t\t\t\t<\/div>\n\t\t\t\t<\/div>\n\t\t","protected":false},"excerpt":{"rendered":"<p>\u012eGYVENDINTI PROJEKTAI 2025: Baig\u0117si Sporto r\u0117mimo fondo, kur\u012f administruoja Nacionalin\u0117 sporto agent\u016bra finansuojamas projektas Lietuvos ne\u012fgali\u0173j\u0173 fizinio aktyvumo asociacija (toliau \u2013 LNFAA) 2025 m. s\u0117kmingai prad\u0117jo ir \u012fgyvendino didel\u0117s apimties projekt\u0105 \u201ePaversk negali\u0105 galia \u2013 sportuok!\u201c, kurio tikslas \u2013 supa\u017eindinti asmenis su negalia su galimyb\u0117mis gyventi aktyviai bei skatinti sveik\u0105 gyvenimo b\u016bd\u0105. Projektas prad\u0117tas \u012fgyvendinti [&hellip;]<\/p>\n","protected":false},"author":1,"featured_media":0,"parent":0,"menu_order":0,"comment_status":"closed","ping_status":"closed","template":"","meta":{"footnotes":""},"_links":{"self":[{"href":"https:\/\/lnfaa.lt\/index.php\/wp-json\/wp\/v2\/pages\/1316"}],"collection":[{"href":"https:\/\/lnfaa.lt\/index.php\/wp-json\/wp\/v2\/pages"}],"about":[{"href":"https:\/\/lnfaa.lt\/index.php\/wp-json\/wp\/v2\/types\/page"}],"author":[{"embeddable":true,"href":"https:\/\/lnfaa.lt\/index.php\/wp-json\/wp\/v2\/users\/1"}],"replies":[{"embeddable":true,"href":"https:\/\/lnfaa.lt\/index.php\/wp-json\/wp\/v2\/comments?post=1316"}],"version-history":[{"count":13,"href":"https:\/\/lnfaa.lt\/index.php\/wp-json\/wp\/v2\/pages\/1316\/revisions"}],"predecessor-version":[{"id":1374,"href":"https:\/\/lnfaa.lt\/index.php\/wp-json\/wp\/v2\/pages\/1316\/revisions\/1374"}],"wp:attachment":[{"href":"https:\/\/lnfaa.lt\/index.php\/wp-json\/wp\/v2\/media?parent=1316"}],"curies":[{"name":"wp","href":"https:\/\/api.w.org\/{rel}","templated":true}]}}